mon divisor of 391 and l.
23
Let i = 41 - 39. Let u(j) = 0*j + 2*j**i - 20 - 4*j + 6*j. Let h be u(-5). Calculate the greatest common divisor of 10 and h.
10
Suppose 11*k = 3*k + 1390 - 454. What is the highest common factor of 135 and k?
9
Let p(n) = -4*n**2 + 292*n - 281. Let s be p(72). Calculate the greatest common factor of 896 and s.
7
Suppose -7*t = 303 - 919. What is the greatest common factor of t and 352?
88
Let q = 5377 + -5364. Calculate the highest common divisor of q and 6019.
13
Let h be (1 + 21/(-12))*-128. Let p(f) = -f + 20. Let o be p(2). What is the greatest common factor of o and h?
6
Let i = -13 + 35. Let v = i - 10. Suppose -12 = -w + 6. What is the greatest common divisor of w and v?
6
Let q be (-10)/(-2)*(-95)/15*-21. Calculate the highest common factor of 35 and q.
35
Let d(t) = -44*t - 620. Let u be d(-15). Calculate the greatest common factor of 620 and u.
20
Let a = -227 - 400. Let t be 66/a - (-1334)/38. Calculate the greatest common divisor of t and 350.
35
Let y(s) be the second derivative of 7*s**3/2 - 197*s**2/2 + 56*s. Let u be y(10). Calculate the highest common factor of 2 and u.
1
Suppose 11*d + 22*d - 1812 - 927 = 0. Calculate the highest common divisor of d and 18509.
83
Suppose 1330 = -7*q + 21*q. What is the highest common factor of q and 38?
19
Suppose -1315 = -140*z - 195. What is the highest common divisor of 166 and z?
2
Let a(q) = -494*q - 552. Let d be a(-4). Calculate the highest common divisor of d and 48.
16
Let r(f) = 3*f**2 - 17*f + 5. Let a be r(5). Let g be (-308)/8 - a - 3/(-2). Let s = 7 - g. Calculate the greatest common factor of 78 and s.
39
Suppose 25*k - 27808 = 24*k - 21*k. Calculate the greatest common factor of 237 and k.
79
Suppose -23813*h + 23805*h = -10976. Calculate the greatest common factor of 56 and h.
28
Suppose 0 = -3*t + 3, 0*o + o - 4*t = -6. Let x be o + -3 + 13 + -4. Let n(c) = 11*c + 6. Let j be n(2). Calculate the highest common factor of x and j.
4
Suppose -116*w = 645*w - 27396. Calculate the greatest common factor of w and 6642.
18
Let z be (-1 - 2)*(-9 - (-1414)/(-42)). Let s = 148 + -59. Suppose 0 = 4*j + 2*w - 7*w - s, -4*w = 20. What is the greatest common factor of j and z?
16
Let m = -2186 - -2234. Calculate the greatest common factor of 42 and m.
6
Let t be ((-5)/10)/((-2)/2292). Let o = -338 + t. What is the highest common divisor of o and 5?
5
Suppose 43*g - 293*g + 28869 = -52381. Calculate the greatest common factor of 7345 and g.
65
Let s(k) = k**3 - 14*k**2 + 3*k - 39. Let c be s(14). Let t be c + (-2)/(((-20)/(-5))/(-8)). What is the highest common divisor of t and 14?
7
Suppose -81 + 53 = -4*o. Suppose -11 = -4*q + 13. Let d = q - -8. Calculate the greatest common divisor of o and d.
7
Let d(g) = -459*g**3 + 18*g**2 + 11. Let y be d(-3). What is the highest common factor of y and 122?
122
Suppose q - 28 = -2*q - 4*s, 0 = 4*q + s - 46. Suppose 70 = -7*l + q*l. Calculate the greatest common factor of 21 and l.
7
Let n be (-5 + 0)/(-6 + 6 + -1). Suppose -4*l + 3*f = -n*l + 84, -2*f - 64 = -l. Calculate the greatest common divisor of 27 and l.
9
Suppose 3*i + c = 34, -9 = -3*i + 5*c + 19. Let r = 1426 - 1422. What is the highest common divisor of i and r?
1
Let n = 3791 - 2821. What is the greatest common divisor of n and 3686?
194
Suppose 54*g - 154*g + 181594 = -51*g. Calculate the greatest common factor of g and 436.
218
Let t be (-2 - (24/(-4) + 3))*4. Suppose -201 = -t*j + 303. Let m = -39 + 57. Calculate the greatest common factor of j and m.
18
Suppose -13*v + 10*v + 294 = 4*c, 0 = 3*c - 3*v - 210. Suppose -o + 3*k = -c, -o - 3*k = -5*k - 69. What is the highest common factor of o and 108?
9
Let g be 4210/(-8) + (-71)/(-284). Let w = g - -949. What is the highest common divisor of w and 9?
9
Suppose -11*w + 9 = 4*h - 10*w, -2*w + 2 = 0. Suppose -5*j = l - 1037, -6*j + 838 = -2*j - h*l. Calculate the highest common divisor of j and 39.
13
Let g be (-18)/(-7)*1/(9/84). Let z(w) = -w + 28. Let q be z(g). Suppose 0 = q*f - 4*x - 640, 5*x + 16 = 41. What is the greatest common factor of 66 and f?
33
Suppose 2*r - 2*j - 2608 = 0, 28*r - 4*j - 1289 = 27*r. Calculate the greatest common divisor of r and 51.
17
Suppose -54*z = 377 - 863. What is the highest common divisor of 2007 and z?
9
Let p(q) = q**3 - 10*q**2 + 33*q - 3. Let f = -167 + 172. Let s be p(f). What is the highest common factor of 333 and s?
37
Let l(y) = -4*y + 3. Let n be l(-5). Let c be (-8)/(-36) - (390/54 - -4). Let g(a) = 12*a + 155. Let d be g(c). What is the greatest common factor of d and n?
23
Let g(d) be the third derivative of -d**5/60 - d**4/12 + 3*d**3/2 - d**2. Let c = 134 + -138. Let x be g(c). Calculate the highest common factor of 5 and x.
1
Let p be (-11)/((35/21)/(-5)). Let i be (0 - -1) + 100 + 1*-2. Calculate the greatest common factor of p and i.
33
Let o(q) = q**3 - 28*q**2 - q + 93. Let t be o(28). Let s(p) = 3*p - 12. Let z be s(9). What is the greatest common factor of z and t?
5
Let h = 30 - 16. Suppose 2*l - 24 = -3*d, 5*d - 9*d = -5*l + 14. Let v be ((-33)/(-4))/(l/112). What is the highest common factor of v and h?
14
Suppose 149*p + 72*p = 42874. Calculate the highest common factor of 1261 and p.
97
Let x(d) = -d + 38. Let s be x(-17). Suppose 126 = s*m - 49*m. Calculate the greatest common factor of m and 168.
21
Let k = 0 + 12. Suppose 0 = 60*p + 27103 - 97303. Suppose a - p = -k*a. Calculate the highest common factor of 36 and a.
18
Let h = -3 - 0. Let t(x) = -143*x + 11. Let o(n) = 140*n - 9. Let g(z) = -6*o(z) - 5*t(z). Let d be g(h). What is the greatest common divisor of d and 34?
34
Let p be 1/((-5)/100)*30/(-20). Calculate the greatest common divisor of 1250 and p.
10
Let a(y) = -y**3 - 25*y**2 + 119*y + 101. Let p be a(-29). Calculate the greatest common factor of 24010 and p.
14
Let o be 1/(-7) + 6693/105 - 3/5. What is the greatest common factor of o and 336?
21
Let n(y) = 483*y**2 - 257*y - 54. Let v be n(-6). What is the greatest common divisor of 22 and v?
22
Let k = 116 - 54. Suppose 4*s - 1096 = -4*j, 0 = -s - 5*j + 280 - 26. What is the greatest common factor of s and k?
31
Suppose -2*o + o = 5*z - 149522, -3*o = 5*z - 149536. Calculate the highest common factor of z and 17.
17
Suppose 0*v = -8*v - 9*v + 1989. What is the greatest common divisor of v and 299?
13
Let c = -11 - -18. Suppose -b - 1536 = c*b. Let x be 0 - 7/(14/b). What is the highest common factor of x and 12?
12
Suppose -y + 4 = 4*h, 2*y - 22 = -22*h + 21*h. Calculate the greatest common divisor of 9228 and y.
12
Suppose 26 = -r - 2*f + 137, -389 = -4*r + 3*f. Calculate the greatest common factor of 2525 and r.
101
Let a be (-9)/48 + (-4863250)/(-1120). What is the highest common factor of 26 and a?
26
Suppose -f = -a + 17, 2*f = 3*a - 0*f - 46. Let s be ((-134)/(-3) - (-2)/6) + 1. Let x be 3/9 - s/(-6). Calculate the highest common divisor of x and a.
4
Let c(x) = -10*x**3 - 4*x**2 + 2*x. Let a be c(-2). Suppose -5*d - a = -7*d. Suppose 12 = 2*y - d. What is the greatest common factor of y and 3?
3
Let i(h) = -12*h - 9. Let n be i(1). Let t be (-3)/(-1) - (-512 + n). Calculate the greatest common divisor of t and 67.
67
Let i = 2403 - 2203. What is the greatest common factor of 775 and i?
25
Let t be -8*((-28)/(-8) - 4) + -84. Let b be (6 + t/15)/(4/138). Suppose -b = -2*s + 47. What is the greatest common factor of s and 385?
35
Let r = -3720 - -3722. Calculate the highest common divisor of 982 and r.
2
Let s be ((-1729)/(-39))/(2/6). Suppose 4*m + 93 = 113. Suppose -28 = -2*o + 5*g + 25, -m*o - g = -92. Calculate the greatest common factor of s and o.
19
Suppose -38*z + 32*z = 1302. Let y = -185 - z. What is the greatest common factor of 464 and y?
16
Let p = 553 - 537. What is the greatest common factor of 2784 and p?
16
Let w be (2 + -7)/(-5 - 25/(-6)). Let l be ((-3)/(-2))/(-3)*-18. Calculate the highest common divisor of w and l.
3
Suppose 31 + 23 = 9*z. Suppose -z*c - 93 + 231 = 0. Calculate the greatest common factor of 92 and c.
23
Suppose 76 = 2*x - 20. Let w = 303698 - 303662. Calculate the greatest common factor of w and x.
12
Suppose -450*q - 2*v = -455*q + 726, 4*q - 2*v - 582 = 0. Calculate the highest common divisor of 117 and q.
9
Let a = 17811 + -17